{"id":326,"date":"2015-07-31T13:26:23","date_gmt":"2015-07-31T12:26:23","guid":{"rendered":"http:\/\/pem-fourmies.fr\/?page_id=326"},"modified":"2025-07-16T12:44:19","modified_gmt":"2025-07-16T11:44:19","slug":"calendrier-des-inscriptions","status":"publish","type":"page","link":"https:\/\/pem-fourmies.fr\/index.php\/calendrier-des-inscriptions\/","title":{"rendered":"Calendrier des inscriptions"},"content":{"rendered":"\n<p>Pour la rentr\u00e9e musicale prochaine, n&rsquo;h\u00e9sitez pas \u00e0 joindre le secr\u00e9tariat par t\u00e9l\u00e9phone au 03 27 38 95 65<\/p>\n\n\n\n<figure class=\"wp-block-gallery has-nested-images columns-default is-cropped wp-block-gallery-1 is-layout-flex wp-block-gallery-is-layout-flex\"><\/figure>\n","protected":false},"excerpt":{"rendered":"<p>Pour la rentr\u00e9e musicale prochaine, n&rsquo;h\u00e9sitez pas \u00e0 joindre le secr\u00e9tariat par t\u00e9l\u00e9phone au 03 27 38 95 65<\/p>\n","protected":false},"author":1,"featured_media":0,"parent":0,"menu_order":0,"comment_status":"open","ping_status":"open","template":"inscription.php","meta":{"_genesis_hide_title":false,"_genesis_hide_breadcrumbs":false,"_genesis_hide_singular_image":false,"_genesis_hide_footer_widgets":false,"_genesis_custom_body_class":"","_genesis_custom_post_class":"","_genesis_layout":"","footnotes":""},"class_list":{"0":"post-326","1":"page","2":"type-page","3":"status-publish","5":"entry","6":"has-post-thumbnail"},"_links":{"self":[{"href":"https:\/\/pem-fourmies.fr\/index.php\/wp-json\/wp\/v2\/pages\/326","targetHints":{"allow":["GET"]}}],"collection":[{"href":"https:\/\/pem-fourmies.fr\/index.php\/wp-json\/wp\/v2\/pages"}],"about":[{"href":"https:\/\/pem-fourmies.fr\/index.php\/wp-json\/wp\/v2\/types\/page"}],"author":[{"embeddable":true,"href":"https:\/\/pem-fourmies.fr\/index.php\/wp-json\/wp\/v2\/users\/1"}],"replies":[{"embeddable":true,"href":"https:\/\/pem-fourmies.fr\/index.php\/wp-json\/wp\/v2\/comments?post=326"}],"version-history":[{"count":18,"href":"https:\/\/pem-fourmies.fr\/index.php\/wp-json\/wp\/v2\/pages\/326\/revisions"}],"predecessor-version":[{"id":10740,"href":"https:\/\/pem-fourmies.fr\/index.php\/wp-json\/wp\/v2\/pages\/326\/revisions\/10740"}],"wp:attachment":[{"href":"https:\/\/pem-fourmies.fr\/index.php\/wp-json\/wp\/v2\/media?parent=326"}],"curies":[{"name":"wp","href":"https:\/\/api.w.org\/{rel}","templated":true}]}}