{"id":24,"date":"2015-05-06T16:27:10","date_gmt":"2015-05-06T15:27:10","guid":{"rendered":"http:\/\/pem\/?page_id=24"},"modified":"2021-07-16T10:11:54","modified_gmt":"2021-07-16T09:11:54","slug":"disciplines-2","status":"publish","type":"page","link":"https:\/\/pem-fourmies.fr\/index.php\/disciplines-2\/","title":{"rendered":"D\u00e9partement Culture Musicale"},"content":{"rendered":"<h2 id=\"depCultMus1\">Formation Musicale<\/h2>\n<p><strong>Le Cycle Initial 1 et le Cycle Initial 2\u00a0<\/strong>sont des disciplines de d\u00e9couverte r\u00e9serv\u00e9es aux \u00e9l\u00e8ves scolaris\u00e9s respectivement en grande section maternelle et en CP. Durant ces interventions, l&rsquo;enfant d\u00e9veloppera son \u00a0\u00ab\u00a0oreille musicale\u00a0\u00bb et se procurera les bases de la culture musicale par le biais d&rsquo;activit\u00e9s vari\u00e9es et courtes. Durant les chants, il s&rsquo;accompagnera avec un instrumentarium adapt\u00e9 \u00e0 son \u00e2ge.<\/p>\n<p><strong>Du Cycle 1 <\/strong>(pour les\u00a0\u00e9l\u00e8ves scolaris\u00e9s \u00e0 partir du\u00a0CE1),<strong>\u00a0jusqu&rsquo;\u00e0 la Fin du Cursus,\u00a0<\/strong>les\u00a0\u00e9l\u00e8ves apprendront le langage musical, c&rsquo;est \u00e0 dire, tous les signes indispensables au d\u00e9chiffrage et \u00e0 la compr\u00e9hension de leur partition instrumentale. Au cours de \u00a0cet apprentissage, des \u00e9coutes d\u2019\u0153uvres d\u00e9velopperont leur curiosit\u00e9 musicale ainsi que leur sensibilit\u00e9.<\/p>\n<p><strong>Cours Adultes,\u00a0<\/strong>ce\u00a0cours sp\u00e9cifique aux adultes et bas\u00e9 sur un cursus de 3 ans,\u00a0est \u00e9galement dispens\u00e9 pour les \u00e9l\u00e8ves de plus de 18 ans.<\/p>\n<audio class=\"wp-audio-shortcode\" id=\"audio-24-1\" preload=\"none\" style=\"width: 100%;\" controls=\"controls\"><source type=\"audio\/wav\" src=\"http:\/\/pem-fourmies.fr\/wp-content\/uploads\/2015\/11\/La-lecon-de-solfege.wav?_=1\" \/><a href=\"http:\/\/pem-fourmies.fr\/wp-content\/uploads\/2015\/11\/La-lecon-de-solfege.wav\">http:\/\/pem-fourmies.fr\/wp-content\/uploads\/2015\/11\/La-lecon-de-solfege.wav<\/a><\/audio>\n<h2 id=\"depCultMus2\">Pr\u00e9paration Option Musique au BAC<\/h2>\n<p><strong>La r\u00e9forme du bac 2021 a modifi\u00e9 les modalit\u00e9s de l\u2019\u00e9preuve d\u2019option musique au Bac.\u00a0<\/strong>L\u2019\u00e9valuation se fait dor\u00e9navant en contr\u00f4le continu et seuls les lyc\u00e9es proposant l\u2019option sont habilit\u00e9s \u00e0 faire passer leurs candidats. Si vous souhaitez passer cette \u00e9preuve, il est donc indispensable de vous inscrire dans un des lyc\u00e9es qui propose l\u2019\u00e9preuve de l\u2019option musique au Bac. Il n\u2019y a malheureusement plus de possibilit\u00e9 de se pr\u00e9senter \u00e0 cette \u00e9preuve en candidat libre. Le PEM ne propose donc plus ce cursus de pr\u00e9paration.<\/p>\n","protected":false},"excerpt":{"rendered":"<p>Formation Musicale Le Cycle Initial 1 et le Cycle Initial 2\u00a0sont des disciplines de d\u00e9couverte r\u00e9serv\u00e9es aux \u00e9l\u00e8ves scolaris\u00e9s respectivement en grande section maternelle et en CP. Durant ces interventions, l&rsquo;enfant d\u00e9veloppera son \u00a0\u00ab\u00a0oreille musicale\u00a0\u00bb et se procurera les bases de la culture musicale par le biais d&rsquo;activit\u00e9s vari\u00e9es et courtes. Durant les chants, il [&hellip;]<\/p>\n","protected":false},"author":1,"featured_media":0,"parent":0,"menu_order":0,"comment_status":"open","ping_status":"closed","template":"disciplines.php","meta":{"_genesis_hide_title":false,"_genesis_hide_breadcrumbs":false,"_genesis_hide_singular_image":false,"_genesis_hide_footer_widgets":false,"_genesis_custom_body_class":"","_genesis_custom_post_class":"","_genesis_layout":"","footnotes":""},"class_list":{"0":"post-24","1":"page","2":"type-page","3":"status-publish","5":"entry"},"_links":{"self":[{"href":"https:\/\/pem-fourmies.fr\/index.php\/wp-json\/wp\/v2\/pages\/24","targetHints":{"allow":["GET"]}}],"collection":[{"href":"https:\/\/pem-fourmies.fr\/index.php\/wp-json\/wp\/v2\/pages"}],"about":[{"href":"https:\/\/pem-fourmies.fr\/index.php\/wp-json\/wp\/v2\/types\/page"}],"author":[{"embeddable":true,"href":"https:\/\/pem-fourmies.fr\/index.php\/wp-json\/wp\/v2\/users\/1"}],"replies":[{"embeddable":true,"href":"https:\/\/pem-fourmies.fr\/index.php\/wp-json\/wp\/v2\/comments?post=24"}],"version-history":[{"count":26,"href":"https:\/\/pem-fourmies.fr\/index.php\/wp-json\/wp\/v2\/pages\/24\/revisions"}],"predecessor-version":[{"id":2456,"href":"https:\/\/pem-fourmies.fr\/index.php\/wp-json\/wp\/v2\/pages\/24\/revisions\/2456"}],"wp:attachment":[{"href":"https:\/\/pem-fourmies.fr\/index.php\/wp-json\/wp\/v2\/media?parent=24"}],"curies":[{"name":"wp","href":"https:\/\/api.w.org\/{rel}","templated":true}]}}