{"id":218,"date":"2015-07-29T17:31:48","date_gmt":"2015-07-29T16:31:48","guid":{"rendered":"http:\/\/pem-fourmies.fr\/?page_id=218"},"modified":"2015-11-21T22:23:16","modified_gmt":"2015-11-21T21:23:16","slug":"departement-chorales","status":"publish","type":"page","link":"https:\/\/pem-fourmies.fr\/index.php\/departement-chorales\/","title":{"rendered":"D\u00e9partement Chorales"},"content":{"rendered":"<p><a href=\"http:\/\/pem-fourmies.fr\/wp-content\/uploads\/2015\/11\/Baladins.jpg\"><img loading=\"lazy\" decoding=\"async\" class=\"alignright wp-image-1191 size-medium\" src=\"http:\/\/pem-fourmies.fr\/wp-content\/uploads\/2015\/11\/Baladins-300x125.jpg\" alt=\"Messe Concertante de Sainte C\u00e9cile par les Baladins de l'Avesnois Dimanche 22 novembre 2015 \u00e0 11h00 en l'Eglise Saint Pierre de Fourmies\" width=\"300\" height=\"125\" srcset=\"https:\/\/pem-fourmies.fr\/wp-content\/uploads\/2015\/11\/Baladins-300x125.jpg 300w, https:\/\/pem-fourmies.fr\/wp-content\/uploads\/2015\/11\/Baladins-1024x427.jpg 1024w, https:\/\/pem-fourmies.fr\/wp-content\/uploads\/2015\/11\/Baladins.jpg 1200w\" sizes=\"auto, (max-width: 300px) 100vw, 300px\" \/><\/a><\/p>\n<h2 id=\"chorale1\">Baladins de l&rsquo;Avesnois<\/h2>\n<p>Plac\u00e9 sous la direction de Monique MICHAT, professeur de chant lyrique, les Baladins de l&rsquo;Avesnois du P\u00f4le d&rsquo;Enseignement Musical sont une cinquantaine de choristes, musiciens avertis ou non.<\/p>\n<p>C&rsquo;est gr\u00e2ce \u00e0 leur travail r\u00e9gulier qu&rsquo;ils peuvent aborder un r\u00e9pertoire tr\u00e8s vari\u00e9 allant du Ch\u0153ur d&rsquo;Op\u00e9ra \u00e0 la musique sacr\u00e9e en passant par le folklore, le jazz et la musique actuelle.<\/p>\n<p>Leur particularit\u00e9 est de chanter sans partition afin de pouvoir \u00e9voluer vers une petite mise en sc\u00e8ne, mais aussi de poss\u00e9der, dans leurs rangs, de nombreux solistes ayant re\u00e7u une solide formation de chant lyrique au sein m\u00eame du P\u00f4le d&rsquo;Enseignement Musical.<\/p>\n<p>Vous aimez chanter ? Ne g\u00e2chez pas votre talent, rejoignez le Ch\u0153ur des Baladins de l&rsquo;Avesnois, votre voix sera au service d&rsquo;un ch\u0153ur et la travailler en groupe vous sera propos\u00e9 par une intervenante sp\u00e9cialiste de la voix.<\/p>\n<p>L&rsquo;ambiance y est chaleureuse ainsi que l&rsquo;entraide bien pr\u00e9sente, surtout au d\u00e9marrage.<\/p>\n<p>Vous ne connaissez pas la musique ? Pas de panique : des enregistrements de travail vous seront fournis !<\/p>\n<p>Nous vous attendons le<em><strong> <span style=\"color: #000000;\">lundi soir de 19h00 \u00e0 20h30 au 2\u00e8me \u00e9tage en salle 202.<\/span><\/strong><\/em><\/p>\n<p><strong>Et si vous le voulez bien, \u00e9coutez-nous !<\/strong><\/p>\n<p><span style=\"color: #0000ff;\">Dansez sur moi<\/span><\/p>\n<audio class=\"wp-audio-shortcode\" id=\"audio-218-1\" preload=\"none\" style=\"width: 100%;\" controls=\"controls\"><source type=\"audio\/mpeg\" src=\"http:\/\/pem-fourmies.fr\/wp-content\/uploads\/2015\/11\/Dansez-sur-moi-NOUGARO.mp3?_=1\" \/><a href=\"http:\/\/pem-fourmies.fr\/wp-content\/uploads\/2015\/11\/Dansez-sur-moi-NOUGARO.mp3\">http:\/\/pem-fourmies.fr\/wp-content\/uploads\/2015\/11\/Dansez-sur-moi-NOUGARO.mp3<\/a><\/audio>\n<p><span style=\"color: #0000ff;\">Armstrong<\/span><\/p>\n<audio class=\"wp-audio-shortcode\" id=\"audio-218-2\" preload=\"none\" style=\"width: 100%;\" controls=\"controls\"><source type=\"audio\/mpeg\" src=\"http:\/\/pem-fourmies.fr\/wp-content\/uploads\/2015\/11\/Armstrong-NOUGARO.mp3?_=2\" \/><a href=\"http:\/\/pem-fourmies.fr\/wp-content\/uploads\/2015\/11\/Armstrong-NOUGARO.mp3\">http:\/\/pem-fourmies.fr\/wp-content\/uploads\/2015\/11\/Armstrong-NOUGARO.mp3<\/a><\/audio>\n<p>&nbsp;<\/p>\n<p>&nbsp;<\/p>\n<h2 id=\"chorale2\">Chorale des Jeunes<\/h2>\n<p>La chorales des jeunes s\u2019adresse aux enfants de 8 \u00e0 14 ans aimant chanter ou tout simplement curieux de d\u00e9couvrir le chant\u2026<\/p>\n<p>Dans un cadre ludique et d\u00e9tendu, les enfants apprennent \u00e0 pr\u00e9parer le corps et la voix pour prendre plaisir \u00e0 chanter ensemble des chansons d\u2019hier et d\u2019aujourd\u2019hui\u2026<\/p>\n","protected":false},"excerpt":{"rendered":"<p>Baladins de l&rsquo;Avesnois Plac\u00e9 sous la direction de Monique MICHAT, professeur de chant lyrique, les Baladins de l&rsquo;Avesnois du P\u00f4le d&rsquo;Enseignement Musical sont une cinquantaine de choristes, musiciens avertis ou non. C&rsquo;est gr\u00e2ce \u00e0 leur travail r\u00e9gulier qu&rsquo;ils peuvent aborder un r\u00e9pertoire tr\u00e8s vari\u00e9 allant du Ch\u0153ur d&rsquo;Op\u00e9ra \u00e0 la musique sacr\u00e9e en passant par [&hellip;]<\/p>\n","protected":false},"author":1,"featured_media":0,"parent":0,"menu_order":0,"comment_status":"open","ping_status":"closed","template":"disciplines.php","meta":{"_genesis_hide_title":false,"_genesis_hide_breadcrumbs":false,"_genesis_hide_singular_image":false,"_genesis_hide_footer_widgets":false,"_genesis_custom_body_class":"","_genesis_custom_post_class":"","_genesis_layout":"","footnotes":""},"class_list":{"0":"post-218","1":"page","2":"type-page","3":"status-publish","5":"entry","6":"has-post-thumbnail"},"_links":{"self":[{"href":"https:\/\/pem-fourmies.fr\/index.php\/wp-json\/wp\/v2\/pages\/218","targetHints":{"allow":["GET"]}}],"collection":[{"href":"https:\/\/pem-fourmies.fr\/index.php\/wp-json\/wp\/v2\/pages"}],"about":[{"href":"https:\/\/pem-fourmies.fr\/index.php\/wp-json\/wp\/v2\/types\/page"}],"author":[{"embeddable":true,"href":"https:\/\/pem-fourmies.fr\/index.php\/wp-json\/wp\/v2\/users\/1"}],"replies":[{"embeddable":true,"href":"https:\/\/pem-fourmies.fr\/index.php\/wp-json\/wp\/v2\/comments?post=218"}],"version-history":[{"count":11,"href":"https:\/\/pem-fourmies.fr\/index.php\/wp-json\/wp\/v2\/pages\/218\/revisions"}],"predecessor-version":[{"id":1259,"href":"https:\/\/pem-fourmies.fr\/index.php\/wp-json\/wp\/v2\/pages\/218\/revisions\/1259"}],"wp:attachment":[{"href":"https:\/\/pem-fourmies.fr\/index.php\/wp-json\/wp\/v2\/media?parent=218"}],"curies":[{"name":"wp","href":"https:\/\/api.w.org\/{rel}","templated":true}]}}

Département Chorales

<p><a href="http://pem-fourmies.fr/wp-content/uploads/2015/11/Baladins.jpg"><img loading="lazy" decoding="async" class="alignright wp-image-1191 size-medium" src="http://pem-fourmies.fr/wp-content/uploads/2015/11/Baladins-300x125.jpg" alt="Messe Concertante de Sainte Cécile par les Baladins de l'Avesnois Dimanche 22 novembre 2015 à 11h00 en l'Eglise Saint Pierre de Fourmies" width="300" height="125" srcset="https://pem-fourmies.fr/wp-content/uploads/2015/11/Baladins-300x125.jpg 300w, https://pem-fourmies.fr/wp-content/uploads/2015/11/Baladins-1024x427.jpg 1024w, https://pem-fourmies.fr/wp-content/uploads/2015/11/Baladins.jpg 1200w" sizes="auto, (max-width: 300px) 100vw, 300px" /></a></p>
<h2 id="chorale1">Baladins de l&rsquo;Avesnois</h2>
<p>Placé sous la direction de Monique MICHAT, professeur de chant lyrique, les Baladins de l&rsquo;Avesnois du Pôle d&rsquo;Enseignement Musical sont une cinquantaine de choristes, musiciens avertis ou non.</p>
<p>C&rsquo;est grâce à leur travail régulier qu&rsquo;ils peuvent aborder un répertoire très varié allant du Chœur d&rsquo;Opéra à la musique sacrée en passant par le folklore, le jazz et la musique actuelle.</p>
<p>Leur particularité est de chanter sans partition afin de pouvoir évoluer vers une petite mise en scène, mais aussi de posséder, dans leurs rangs, de nombreux solistes ayant reçu une solide formation de chant lyrique au sein même du Pôle d&rsquo;Enseignement Musical.</p>
<p>Vous aimez chanter ? Ne gâchez pas votre talent, rejoignez le Chœur des Baladins de l&rsquo;Avesnois, votre voix sera au service d&rsquo;un chœur et la travailler en groupe vous sera proposé par une intervenante spécialiste de la voix.</p>
<p>L&rsquo;ambiance y est chaleureuse ainsi que l&rsquo;entraide bien présente, surtout au démarrage.</p>
<p>Vous ne connaissez pas la musique ? Pas de panique : des enregistrements de travail vous seront fournis !</p>
<p>Nous vous attendons le<em><strong> <span style="color: #000000;">lundi soir de 19h00 à 20h30 au 2ème étage en salle 202.</span></strong></em></p>
<p><strong>Et si vous le voulez bien, écoutez-nous !</strong></p>
<p><span style="color: #0000ff;">Dansez sur moi</span></p>
<audio class="wp-audio-shortcode" id="audio-218-1" preload="none" style="width: 100%;" controls="controls"><source type="audio/mpeg" src="http://pem-fourmies.fr/wp-content/uploads/2015/11/Dansez-sur-moi-NOUGARO.mp3?_=1" /><a href="http://pem-fourmies.fr/wp-content/uploads/2015/11/Dansez-sur-moi-NOUGARO.mp3">http://pem-fourmies.fr/wp-content/uploads/2015/11/Dansez-sur-moi-NOUGARO.mp3</a></audio>
<p><span style="color: #0000ff;">Armstrong</span></p>
<audio class="wp-audio-shortcode" id="audio-218-2" preload="none" style="width: 100%;" controls="controls"><source type="audio/mpeg" src="http://pem-fourmies.fr/wp-content/uploads/2015/11/Armstrong-NOUGARO.mp3?_=2" /><a href="http://pem-fourmies.fr/wp-content/uploads/2015/11/Armstrong-NOUGARO.mp3">http://pem-fourmies.fr/wp-content/uploads/2015/11/Armstrong-NOUGARO.mp3</a></audio>
<p>&nbsp;</p>
<p>&nbsp;</p>
<h2 id="chorale2">Chorale des Jeunes</h2>
<p>La chorales des jeunes s’adresse aux enfants de 8 à 14 ans aimant chanter ou tout simplement curieux de découvrir le chant…</p>
<p>Dans un cadre ludique et détendu, les enfants apprennent à préparer le corps et la voix pour prendre plaisir à chanter ensemble des chansons d’hier et d’aujourd’hui…</p>

<p>Baladins de l&rsquo;Avesnois Placé sous la direction de Monique MICHAT, professeur de chant lyrique, les Baladins de l&rsquo;Avesnois du Pôle d&rsquo;Enseignement Musical sont une cinquantaine de choristes, musiciens avertis ou non. C&rsquo;est grâce à leur travail régulier qu&rsquo;ils peuvent aborder un répertoire très varié allant du Chœur d&rsquo;Opéra à la musique sacrée en passant par [&hellip;]</p>
